 - (-17 - -21))?
67
24 + 20 + (-25 - -7 - 6)
20
-3 - ((2 - 0) + 2 + -8 + (-50 - 16))
67
What is 270 + -279 - (-28 + -2 + (3 - 5))?
23
Calculate (35 - (-3 + -1 + 4) - (1 + -1)) + -1.
34
Calculate (-9 - -5) + -39 + 9 + 10 + 3.
-21
-4 + -20 - (493 + -482)
-35
Evaluate -11 + 26 + -30 - -23 - 4.
4
Evaluate -7 - ((76 - 82) + -2 + 2) - (-101 - -2).
98
21 - (-17 - -36 - (-6 + 1))
-3
-2 + (-2 - -51) + (-45 - -32)
34
What is 22 + (12 - (21 - (-2 + 39)) - 14)?
36
Calculate -8 - -5 - (17 + 1 + -81 + 48).
12
Evaluate 8 + (-4 - (-8 + 4)) + (15 - -22).
45
-1 + 44 + 8 + (-32 - -36) + -17
38
What is -20 - ((-9 - -1) + (-34 - -81 - 31))?
-28
Calculate (2 - (-4 - -1)) + (4 - -12 - 22 - -6).
5
What is the value of (-20 - 5) + 96 + -14 - (1 - 4 - 0)?
60
1473 + -1398 + (-40 - 6)
29
What is the value of 5 - (-2 + 100 - (369 - 339))?
-63
What is (14 + (-25 - -10) - 15) + 5 + -5?
-16
Calculate (-333 - -284) + (-1 - -62).
12
-1374 - -1396 - (-7 + -38)
67
Calculate -35 + (128 - 2) + -17 + 21.
95
What is -751 - -871 - (1 + 48)?
71
Evaluate 300 - 280 - (26 + -2).
-4
Calculate -151 - (58 - 113 - -25) - (0 + 15).
-136
Evaluate 62 + (20 - (4 + 42 + -18) - -8).
62
What is the value of (12 - 10) + -3 + (-3 - 10) + 30?
16
Calculate 10 + -53 + 6 + (94 - 130).
-73
What is the value of -46 + 6 - (-1475 - -1514)?
-79
Evaluate 162 + -222 + (17 - 45).
-88
Calculate 23 - (17 - 29) - (-3 - -1) - (54 - 46).
29
What is 18 + (-15 - 9 - 5) + -19?
-30
Evaluate 39 + 25 + (-18 - 2) - 20.
24
Calculate -2 + -21 + -72 + -27 + 31.
-91
Calculate 1 - 34 - (121 + 52 + -192).
-14
-8 + (-3 - (-12 + 6)) - (3 - (-8 - -10))
-6
What is the value of -78 + 25 + -3 + 27?
-29
Calculate -52 - ((-3 - (24 + -13)) + 4 + -4).
-38
What is the value of (7 - (-11 + 7)) + -8 + -12 + 18?
9
Evaluate (7 + 10 + -7 - (7 + 0)) + -2.
1
Evaluate -83 + 19 - (2 + 0 - 3) - (-4 + -3).
-56
-12 + (-14 - -22) + -9 + -36 + 17
-32
What is the value of -56 - ((1 - -4) + (5 - (-25 + 6) - 27))?
-58
What is -5 + ((-4 - (8 - 3)) + 15 + -12 - -6)?
-5
Calculate -10 + (-17 - 21 - -17) + -3.
-34
Evaluate -25 - (47 + -61 - 42).
31
22 + (28 + -7 - 89) + 4
-42
74 + -37 + -93 - -14
-42
-16 + -1 - (2 + (2 - 10) + (-220 - -220))
-11
Evaluate (1207 - 1326) + -2 + 74.
-47
Evaluate (7 - 3) + (-637 - -656) - 43.
-20
What is -224 - (-229 - 31) - (0 + -3 - (1 - 2))?
38
What is -18 + -2 + (7 - 25 - -30)?
-8
What is the value of -4 + -50 + 68 + 35?
49
What is the value of (1 - (-2 + 108 - (-8 - -23 - 24))) + -13?
-127
Calculate (-1 - 44) + (-68 - -58) + -6.
-61
Calculate -1292 + 1327 + (0 - (-17 + 0)).
52
Calculate (79 - -59 - 75) + -108.
-45
What is the value of 53 + (-137 - -50) + 37?
3
-13 - (-14 + (1 - -22) + -49)
27
What is (3 - -2) + -7 - (10 + (1 - 11) - 33)?
31
Evaluate (-3 - (4 - (1 + 0))) + 33 + -30 + -73.
-76
What is the value of 16 + (-26 + -108 - -80)?
-38
What is 0 + 0 + 10 + 26 + 27 + 21?
84
(-40 + 29 - -1) + -26
-36
What is -28 - ((23 - (-1 + 8)) + (-7 - -18 - 15))?
-40
What is -160 - ((-36 - -117) + -159)?
-82
What is -30 + 8 + (-83 - -61)?
-44
What is 0 + -11 - (22 + -3 + -87 + 82)?
-25
What is the value of (-100 - -39 - 7 - (0 - 1)) + 8?
-59
Calculate (10 - 52 - (-60 + 67)) + -1 + 3 + -12.
-59
What is the value of (1 - 19) + 1 + -2 - (-28097 - -28092)?
-14
Calculate -77 + -3 + 14 + (-22 - 1) + (25 - 14).
-78
What is 32 - (-54 - -127 - 13)?
-28
(-5 - 30) + 103 + (5 - 89)
-16
Evaluate -85 - (23 + (-39 - 22)).
-47
Evaluate -11 + -14 + (942 - 977).
-60
Evaluate (73 - 49) + -123 + 33.
-66
Calculate -15 + (1 - (12 + -19 + -12)) - (5 - 4).
4
What is the value of 40 + -51 + 124 + 1 + (-2 - (-3 + 5))?
110
Evaluate 0 + 1 + 1 - -6 - (-36 - (-6 - 10)).
28
Evaluate 93 + (-4 - (108 - 56)).
37
What is 12 - 52 - (24 + (20 - 49))?
-35
What is the value of 33 + (15 - (69 + -37))?
16
What is (-6 - (2 + 2)) + (-23 - -21) + 2?
-10
Calculate -52 + 0 + (-12 - -2) + 8 + 13.
-41
Calculate (-6 - 82) + 123 - -47.
82
What is 2 + (-12 - ((11 - 26) + 2)) - (-1 + 11)?
-7
What is the value of (-2 - (13 - (-15 - -33))) + -5 + 3?
1
Evaluate (7 - 14) + 32 + -12 - 53.
-40
What is 2 - ((12 - -42) + -30)?
-22
What is the value of (-2 + 22 + -12 - (-3 + 14)) + 39?
36
Calculate 31 - (44 + -67 - (-17 + 13)).
50
What is 9110 - 9144 - ((-4 - (2 + 0)) + -1 - 0)?
-27
What is the value of 3 + 0 + -10 - (343 + -291)?
-59
What is (-67 - -120 - (-4 + (8 - 2))) + -13?
38
What is 23 + -105 + (31 - (-42 - -34))?
-43
Calculate -118 - ((-51 - -76 - 23) + -12).
-108
Evaluate -602 - -648 - (27 + -1) - 31.
-11
Evaluate 48087 - 48096 - (0 + -82 + 2 + 2).
69
(-36 - -59 - -55) + (-14 - 0)
64
Calculate (78 - (43 - 26)) + -53.
8
Calculate -14 + (-13 + (-9 - (-26 + 9)) - -9) + -2.
-12
What is the value of -62 - 0 - (2 - (26 + -2 - 9))?
-49
Evaluate (58 - (-76 - -167)) + 41 + 0.
8
What is -39 + 6 + (9 - 6) + 159?
129
What is 137 - ((-2 - (-15 - (-21 + 11 + 3))) + 2)?
129
-4 - (-11 - (-7 - (-14 - 28))) - 5
37
What is -56 + 117 + -47 + -1 + -3 + -3 + 39?
46
Evaluate -24 - (-12 + 29 + -1 + -10).
-30
What is the value of (-16 - (-13 + 4 - -3)) + 4 + -3?
-9
0 + 17 + -10 - (-3 - -10) - -41
41
Calculate -690 + 766 + 3 + -7 + -5.
67
(60 + -33 - 35) + (1 - 29) + -2
-38
(0 - -15 - 10) + (-49 - -4)
-40
What is -48 + 34 + 43 + 5 + 11?
45
96 + (-111 - -8) - (-1 + 5 - (2 - 0))
-9
What is the value of (-18 - -8 - (2 + -16 + 0)) + -36?
-32
Calculate (2 - (1 + -5)) + 1 + -115 + 17.
-91
What is the value of 2 + 1 + -5 - 0?
-2
What is 85 + -14 - (-152 - -280)?
-57
What is the value of (-1 - 20) + (28 - 12 - 28)?
-33
-2 + (-8 + (-4 - -10) - 62 - (4 - 9))
-61
Evaluate (72 - (61 - 12)) + (-2 - -128) - 7.
142
Evaluate 9 + 10 + -52 + 7.
-26
Evaluate -19 + 64 + -26 - (2 - -21) - 101.
-105
What is the value of 59 + 12 + (31 - 86)?
16
What is the value of 73 + (-4 - 53) - (7 - (1 - 2))?
8
Calculate (39 - 18) + (25 - (0 + 3)).
43
Evaluate (-20 - -1 - (163 - 84 - 148)) + (1 - 11).
40
What is the value of -36 + 31 + (-23 - -39)?
11
Evaluate (-41 + 82 - 23) + 20.
38
What is 27 - 6 - (-153 - -185)?
-11
What is -2 - (-22 - 0) - (-34 - 29) - (-2 - -1)?
84
26 + -21 + 32 + -11
26
What is -3 - (-71 + 45 + (8 - -2) - -9)?
4
What is the value of 28 + (-68 - -3) - (-1 - (-1 + 0))?
-37
What is 26 - (104 + -10 + 9 - 16)?
-61
Calculate -21 + (5 + -72 - -95).
7
Evaluate 17 + (12 - 19) - 23 - -68.
55
Calculate 1 + -32 - (-6 - -54).
-79
6 + ((1 - 11) + 3 - (-71 - -73) - 67)
-70
Calculate -18 + (30 - 11) + -41 + 6.
-34
What is 193 + -154 - (0 - -12) - -10?
37
What is 32 + (7 + 34 + -26 - -24)?
71
Calculate 130 + (-388 - -80) + 103.
-75
What is the value of -2 + (-2 - -28) + (239 - 264)?
-1
-18 + 4 - ((-9 - -54) + -17)
-42
Evaluate 4 + -113 - (3 + -82).
-30
What is the value of -2 + 1 + 61 - (8 - ((20 - -5) + -13))?
64
What is 17 + -11 + -2 + -4 - (7 + -34 + 64)?
-37
What is the value of -5 - 0 - (-333 - -367)?
-39
What is 118 - 93 - (-10 - -65)?
-30
Calculate 2 + (112 + -26 - 45).
43
Calculate 4 + (-53 - -2) + (13 - (0 + 17)).
-51
Calculate -4 + (-47 - (14 - 22)).
-43
Calculate -9 - -12 - (-23 + -4 + 1) - (-13 - -2).
40
Calculate 10 - (-2 + (-6 - (7 - 19))).
6
Evaluate (14 - (23 + 36)) + 25 - -39.
19
(-18 - (-14 - (8 + -16))) + -54
-66
What is the value of (-32 - -8) + 57 - (-3 - (9 + 10))?
55
Evaluate (-6 - -1) + -8 + (-32 - -38).
-7
(271 + -221 - 113) + (-1 - 1) + -8 + -1
-74
What is -45 + -2 + (-6 - (7 - 32)) + -5 + -12?
-45
What is 84 + -33 + (-16 - -22) + 13 + 0?
70
-14 + (-4 - (-27 - 0)) - (-15 + -1)
25
What is the value of 10 + 26 - (4 - 0 - (2 + 14))?
48
What is the value of (4 - 10) + (18 + -40 + -9 - -3)?
-34
Evaluate 2 + -10 - (-4 - ((9 - 11) + -11 - -13)).
-4
1001 + -814 + (-1 - 87)
99
Calculate 8 - -2 - 10 - ((11 - 8) + -5).
2
8 - (0 + 0 - -1) - (-100 - (-81 + -50))
-24
Evaluate (38 - (8 - -5 - 8)) + (-7 - (5 - 1)).
22
Calculate 12 - (25 + (-15 + 32 - 37)) - 77.
-70
38 + -4 - (21 - -8)
5
What is (-122 - -86 - -6) + -9?
-39
Calculate 2 - (2 - -3) - ((-7 - (-9 - 2)) + 29).
-36
Evaluate 60 + (40 - 72 - -39).
67
What is -30 + 38 - (-12 + 7) - 19 - (-54 + 1)?
47
Evaluate -28 + 211 + -198 + 1 + 1.
-13
What is the value of 54 + -1 + 12 + (-1 + -8 - 12)?
44
Evaluate 33 + (2 - (-8 - -13) - -8 - (4 - -7)).
27
Evaluate 0 + (7 - (7 + -19)) - 44.
-25
1 - 59 - (3967 + -4001)
-24
Calculate 41 - (14 + -3 + 14 - (28 - 28)).
16
Evaluate (39 + 34 -